{"id":261,"date":"2020-12-29T13:36:32","date_gmt":"2020-12-29T12:36:32","guid":{"rendered":"http:\/\/www.miki-cosmetiques.com\/?post_type=product&#038;p=261"},"modified":"2025-05-10T09:26:12","modified_gmt":"2025-05-10T07:26:12","slug":"phep4-testeur-de-ph-etanche-resolution-01-ph-avec-piles","status":"publish","type":"product","link":"https:\/\/www.miki-cosmetiques.com\/index.php\/produit\/phep4-testeur-de-ph-etanche-resolution-01-ph-avec-piles\/","title":{"rendered":"pHep4 &#8211; Testeur de pH \u00e9tanche, r\u00e9solution 0,1 pH avec piles"},"content":{"rendered":"","protected":false},"excerpt":{"rendered":"<p>R\u00e9f\u00e9rence du produit : HI98127<\/p>\n","protected":false},"featured_media":484,"comment_status":"open","ping_status":"closed","template":"","meta":[],"class_list":["post-261","product","type-product","status-publish","has-post-thumbnail","hentry","product_cat-rpi"],"_links":{"self":[{"href":"https:\/\/www.miki-cosmetiques.com\/index.php\/wp-json\/wp\/v2\/product\/261","targetHints":{"allow":["GET"]}}],"collection":[{"href":"https:\/\/www.miki-cosmetiques.com\/index.php\/wp-json\/wp\/v2\/product"}],"about":[{"href":"https:\/\/www.miki-cosmetiques.com\/index.php\/wp-json\/wp\/v2\/types\/product"}],"replies":[{"embeddable":true,"href":"https:\/\/www.miki-cosmetiques.com\/index.php\/wp-json\/wp\/v2\/comments?post=261"}],"wp:featuredmedia":[{"embeddable":true,"href":"https:\/\/www.miki-cosmetiques.com\/index.php\/wp-json\/wp\/v2\/media\/484"}],"wp:attachment":[{"href":"https:\/\/www.miki-cosmetiques.com\/index.php\/wp-json\/wp\/v2\/media?parent=261"}],"curies":[{"name":"wp","href":"https:\/\/api.w.org\/{rel}","templated":true}]}}