{"id":224,"date":"2020-12-29T11:34:42","date_gmt":"2020-12-29T10:34:42","guid":{"rendered":"http:\/\/www.miki-cosmetiques.com\/?post_type=product&#038;p=224"},"modified":"2025-05-10T09:29:14","modified_gmt":"2025-05-10T07:29:14","slug":"huile-de-tournesol-oleique-desodorise","status":"publish","type":"product","link":"https:\/\/www.miki-cosmetiques.com\/index.php\/produit\/huile-de-tournesol-oleique-desodorise\/","title":{"rendered":"Huile de tournesol ol\u00e9ique d\u00e9sodoris\u00e9"},"content":{"rendered":"","protected":false},"excerpt":{"rendered":"<p>Le litre<\/p>\n<p>Origine : Roumanie<\/p>\n","protected":false},"featured_media":0,"comment_status":"open","ping_status":"closed","template":"","meta":[],"class_list":["post-224","product","type-product","status-publish","hentry","product_cat-matieres-premieres"],"_links":{"self":[{"href":"https:\/\/www.miki-cosmetiques.com\/index.php\/wp-json\/wp\/v2\/product\/224","targetHints":{"allow":["GET"]}}],"collection":[{"href":"https:\/\/www.miki-cosmetiques.com\/index.php\/wp-json\/wp\/v2\/product"}],"about":[{"href":"https:\/\/www.miki-cosmetiques.com\/index.php\/wp-json\/wp\/v2\/types\/product"}],"replies":[{"embeddable":true,"href":"https:\/\/www.miki-cosmetiques.com\/index.php\/wp-json\/wp\/v2\/comments?post=224"}],"wp:attachment":[{"href":"https:\/\/www.miki-cosmetiques.com\/index.php\/wp-json\/wp\/v2\/media?parent=224"}],"curies":[{"name":"wp","href":"https:\/\/api.w.org\/{rel}","templated":true}]}}